st common divisor of 77 and 28?
7
Calculate the highest common factor of 200 and 16.
8
What is the greatest common factor of 187 and 153?
17
Calculate the greatest common divisor of 26005 and 35.
35
Calculate the greatest common divisor of 53205 and 15.
15
Calculate the highest common factor of 697 and 17.
17
Calculate the greatest common factor of 50 and 925.
25
Calculate the greatest common divisor of 15 and 1025.
5
Calculate the greatest common factor of 280 and 24.
8
Calculate the greatest common factor of 6208 and 64.
64
Calculate the highest common factor of 168 and 744.
24
What is the highest common factor of 560 and 2485?
35
Calculate the greatest common factor of 60 and 2055.
15
What is the highest common factor of 12735 and 36?
9
What is the greatest common factor of 203 and 725?
29
What is the greatest common factor of 9275 and 5?
5
What is the highest common factor of 80 and 130?
10
Calculate the greatest common divisor of 217 and 777.
7
What is the greatest common divisor of 2171 and 52?
13
What is the greatest common factor of 50 and 9850?
50
Calculate the greatest common factor of 2472 and 103.
103
Calculate the highest common factor of 30 and 1515.
15
Calculate the greatest common factor of 277 and 1.
1
Calculate the greatest common factor of 12 and 23118.
6
Calculate the greatest common factor of 512 and 76.
4
What is the greatest common factor of 2751 and 655?
131
Calculate the greatest common divisor of 90 and 150.
30
Calculate the highest common divisor of 259 and 333.
37
Calculate the greatest common divisor of 18 and 3.
3
What is the highest common divisor of 1333 and 43?
43
Calculate the highest common factor of 252 and 1044.
36
What is the greatest common divisor of 388 and 4?
4
Calculate the greatest common divisor of 915 and 555.
15
Calculate the greatest common factor of 55 and 286.
11
Calculate the highest common factor of 3708 and 108.
36
Calculate the greatest common divisor of 437 and 23.
23
What is the greatest common divisor of 16 and 400?
16
Calculate the highest common factor of 9072 and 720.
144
Calculate the highest common divisor of 38 and 23066.
38
What is the greatest common divisor of 851 and 23?
23
What is the greatest common divisor of 60 and 105?
15
What is the highest common divisor of 9 and 153?
9
Calculate the highest common factor of 5 and 5290.
5
What is the highest common divisor of 176 and 22?
22
Calculate the highest common factor of 8 and 1016.
8
Calculate the highest common factor of 8 and 38.
2
What is the highest common factor of 7 and 46837?
7
Calculate the greatest common factor of 4256 and 152.
152
Calculate the highest common factor of 50 and 625.
25
What is the greatest common divisor of 77 and 70?
7
What is the highest common factor of 103 and 3193?
103
Calculate the highest common divisor of 56 and 2632.
56
What is the greatest common factor of 32 and 104?
8
What is the highest common divisor of 144 and 15088?
16
Calculate the highest common factor of 165 and 4950.
165
What is the highest common divisor of 38 and 6?
2
Calculate the highest common divisor of 4489 and 67.
67
What is the greatest common factor of 25 and 16375?
25
Calculate the greatest common factor of 3992 and 56.
8
Calculate the highest common divisor of 13 and 377.
13
What is the highest common factor of 208 and 442?
26
Calculate the highest common divisor of 4 and 1956.
4
What is the greatest common divisor of 10323 and 279?
279
What is the highest common divisor of 354 and 2242?
118
Calculate the greatest common factor of 195 and 429.
39
Calculate the greatest common factor of 27 and 24.
3
Calculate the highest common factor of 16 and 2.
2
Calculate the highest common factor of 135 and 6.
3
Calculate the greatest common divisor of 9 and 477.
9
What is the greatest common factor of 245 and 2401?
49
What is the greatest common factor of 4985 and 5?
5
What is the greatest common divisor of 74 and 1480?
74
What is the greatest common factor of 28 and 308?
28
Calculate the greatest common factor of 92 and 161.
23
Calculate the highest common divisor of 1001 and 77.
77
Calculate the highest common divisor of 8 and 70.
2
Calculate the greatest common divisor of 5 and 5.
5
Calculate the highest common divisor of 5182 and 2.
2
Calculate the highest common factor of 230 and 40.
10
Calculate the highest common factor of 12 and 444.
12
Calculate the highest common factor of 940 and 7708.
188
What is the greatest common divisor of 36 and 585?
9
Calculate the greatest common divisor of 96 and 880.
16
Calculate the highest common divisor of 12 and 19452.
12
What is the highest common factor of 68 and 646?
34
What is the greatest common divisor of 45 and 711?
9
What is the highest common divisor of 45 and 288?
9
What is the greatest common factor of 886 and 14?
2
What is the highest common factor of 5 and 640?
5
What is the greatest common factor of 1270 and 350?
10
Calculate the highest common divisor of 33 and 1221.
33
Calculate the highest common factor of 2544 and 64.
16
Calculate the highest common divisor of 82 and 4.
2
What is the highest common divisor of 24 and 96?
24
Calculate the greatest common factor of 1568 and 2912.
224
What is the greatest common factor of 8906 and 122?
122
What is the highest common factor of 94 and 8?
2
Calculate the highest common divisor of 1015 and 1715.
35
What is the highest common divisor of 837 and 2139?
93
What is the highest common factor of 10 and 530?
10
What is the highest common factor of 76 and 4636?
76
Calculate the greatest common factor of 741 and 57.
57
What is the greatest common divisor of 560 and 10?
10
Calculate the greatest common factor of 264 and 20.
4
What is the highest common factor of 13710 and 90?
30
What is the greatest common factor of 12 and 7626?
6
What is the highest common divisor of 3154 and 166?
166
Calculate the greatest common divisor of 1079 and 117.
13
Calculate the greatest common divisor of 7360 and 345.
115
Calculate the greatest common factor of 429 and 231.
33
Calculate the highest common divisor of 115 and 4278.
23
Calculate the greatest common factor of 200 and 995.
5
What is the highest common divisor of 31 and 589?
31
Calculate the highest common divisor of 140 and 260.
20
Calculate the greatest common divisor of 10 and 20.
10
What is the greatest common divisor of 96 and 224?
32
Calculate the highest common factor of 3 and 333.
3
Calculate the greatest common divisor of 24 and 33.
3
Calculate the greatest common divisor of 52 and 8788.
52
Calculate the greatest common divisor of 91 and 13.
13
Calculate the greatest common divisor of 22 and 7898.
22
Calculate the highest common factor of 3090 and 75.
15
What is the greatest common divisor of 136 and 8?
8
Calculate the highest common divisor of 418 and 8151.
209
What is the greatest common factor of 52 and 1261?
13
Calculate the highest common factor of 2673 and 957.
33
Calculate the greatest common factor of 141 and 1128.
141
What is the highest common factor of 363 and 132?
33
Calculate the highest common factor of 35 and 567.
7
What is the highest common factor of 49 and 931?
49
Calculate the greatest common factor of 999 and 54.
27
What is the greatest common divisor of 1107 and 135?
27
Calculate the highest common factor of 133 and 57.
19
Calculate the highest common divisor of 128 and 34432.
128
What is the highest common factor of 17 and 969?
17
What is the highest common divisor of 3 and 177?
3
What is the highest common divisor of 320 and 3136?
64
What is the highest common divisor of 108 and 150?
6
What is the greatest common factor of 38 and 323?
19
Calculate the highest common divisor of 20 and 1780.
20
Calculate the greatest common divisor of 117 and 312.
39
Calculate the greatest common factor of 10 and 640.
10
Calculate the greatest common divisor of 55 and 215.
5
What is the highest common divisor of 42 and 462?
42
Calculate the greatest common factor of 12403 and 79.
79
What is the greatest common divisor of 468 and 2223?
117
What is the greatest common factor of 812 and 140?
28
What is the highest common divisor of 96 and 48?
48
What is the highest common divisor of 32 and 18160?
16
What is the highest common factor of 5 and 17?
1
Calculate the greatest common factor of 19